at is the tens digit of 7733?
3
What is the tens digit of 6108?
0
What is the hundreds digit of 107350?
3
What is the units digit of 1887?
7
What is the tens digit of 1137?
3
What is the thousands digit of 1887?
1
What is the thousands digit of 46082?
6
What is the tens digit of 1082?
8
What is the units digit of 3535?
5
What is the hundreds digit of 161172?
1
What is the thousands digit of 41163?
1
What is the hundreds digit of 12853?
8
What is the tens digit of 22756?
5
What is the tens digit of 13881?
8
What is the thousands digit of 1539?
1
What is the thousands digit of 2243?
2
What is the hundreds digit of 10139?
1
What is the thousands digit of 22069?
2
What is the hundreds digit of 1203?
2
What is the tens digit of 15287?
8
What is the units digit of 1248?
8
What is the tens digit of 2681?
8
What is the hundreds digit of 359?
3
What is the tens digit of 1113?
1
What is the hundreds digit of 5641?
6
What is the hundreds digit of 1370?
3
What is the units digit of 90507?
7
What is the hundreds digit of 826?
8
What is the units digit of 8066?
6
What is the tens digit of 1671?
7
What is the units digit of 217?
7
What is the thousands digit of 11039?
1
What is the thousands digit of 7973?
7
What is the thousands digit of 1476?
1
What is the tens digit of 32186?
8
What is the tens digit of 997?
9
What is the units digit of 1019?
9
What is the units digit of 2337?
7
What is the units digit of 1639?
9
What is the tens digit of 60829?
2
What is the hundreds digit of 891?
8
What is the hundreds digit of 514?
5
What is the units digit of 114971?
1
What is the hundreds digit of 30293?
2
What is the tens digit of 5168?
6
What is the hundreds digit of 2023?
0
What is the thousands digit of 3985?
3
What is the thousands digit of 1276?
1
What is the tens digit of 562?
6
What is the thousands digit of 42361?
2
What is the units digit of 932?
2
What is the hundreds digit of 4983?
9
What is the tens digit of 3019?
1
What is the tens digit of 39225?
2
What is the tens digit of 12761?
6
What is the tens digit of 7013?
1
What is the tens digit of 87121?
2
What is the tens digit of 8216?
1
What is the units digit of 11892?
2
What is the units digit of 4378?
8
What is the ten thousands digit of 18393?
1
What is the hundreds digit of 1790?
7
What is the hundreds digit of 1773?
7
What is the hundreds digit of 1642?
6
What is the thousands digit of 4477?
4
What is the tens digit of 4538?
3
What is the thousands digit of 57680?
7
What is the units digit of 335?
5
What is the hundreds digit of 9930?
9
What is the tens digit of 6780?
8
What is the tens digit of 1504?
0
What is the thousands digit of 3769?
3
What is the tens digit of 540?
4
What is the thousands digit of 6344?
6
What is the units digit of 4106?
6
What is the units digit of 5282?
2
What is the hundreds digit of 3159?
1
What is the units digit of 3771?
1
What is the hundreds digit of 92721?
7
What is the units digit of 7655?
5
What is the units digit of 5853?
3
What is the units digit of 19805?
5
What is the units digit of 3568?
8
What is the units digit of 35349?
9
What is the tens digit of 2095?
9
What is the hundreds digit of 203?
2
What is the thousands digit of 22943?
2
What is the tens digit of 3713?
1
What is the units digit of 6523?
3
What is the units digit of 3019?
9
What is the thousands digit of 1227?
1
What is the hundreds digit of 940?
9
What is the tens digit of 52486?
8
What is the ten thousands digit of 82273?
8
What is the thousands digit of 1209?
1
What is the units digit of 2651?
1
What is the tens digit of 2182?
8
What is the thousands digit of 6746?
6
What is the units digit of 1437?
7
What is the tens digit of 25865?
6
What is the thousands digit of 161473?
1
What is the ten thousands digit of 51734?
5
What is the tens digit of 11816?
1
What is the hundreds digit of 633?
6
What is the hundreds digit of 1405?
4
What is the tens digit of 1073?
7
What is the tens digit of 17766?
6
What is the hundreds digit of 835?
8
What is the hundreds digit of 10898?
8
What is the hundreds digit of 36392?
3
What is the units digit of 18?
8
What is the thousands digit of 2553?
2
What is the ten thousands digit of 10365?
1
What is the ten thousands digit of 20878?
2
What is the ten thousands digit of 78066?
7
What is the thousands digit of 10501?
0
What is the ten thousands digit of 11204?
1
What is the ten thousands digit of 52248?
5
What is the units digit of 2476?
6
What is the tens digit of 56627?
2
What is the tens digit of 37587?
8
What is the tens digit of 31987?
8
What is the thousands digit of 169534?
9
What is the thousands digit of 20942?
0
What is the tens digit of 2753?
5
What is the thousands digit of 18720?
8
What is the ten thousands digit of 16928?
1
What is the ten thousands digit of 32288?
3
What is the hundreds digit of 820?
8
What is the thousands digit of 74577?
4
What is the hundreds digit of 36295?
2
What is the tens digit of 4665?
6
What is the tens digit of 290?
9
What is the ten thousands digit of 16894?
1
What is the hundreds digit of 3551?
5
What is the hundreds digit of 23195?
1
What is the thousands digit of 5383?
5
What is the ten thousands digit of 35913?
3
What is the units digit of 15439?
9
What is the units digit of 92873?
3
What is the tens digit of 78?
7
What is the tens digit of 37779?
7
What is the units digit of 1580?
0
What is the tens digit of 1557?
5
What is the hundreds digit of 2563?
5
What is the thousands digit of 25755?
5
What is the hundreds digit of 4072?
0
What is the units digit of 29146?
6
What is the ten thousands digit of 35225?
3
What is the ten thousands digit of 47060?
4
What is the hundreds digit of 21609?
6
What is the hundreds digit of 7312?
3
What is the tens digit of 1369?
6
What is the tens digit of 9096?
9
What is the hundreds digit of 2540?
5
What is the tens digit of 396?
9
What is the thousands digit of 44628?
4
What is the tens digit of 566?
6
What is the units digit of 231?
1
What is the units digit of 856?
6
What is the units digit of 4963?
3
What is the hundreds digit of 3545?
5
What is the units digit of 8866?
6
What is the hundreds digit of 3226?
2
What is the units digit of 105?
5
What is the tens digit of 22825?
2
What is the units digit of 44570?
0
What is the units digit of 50387?
7
What is the tens digit of 2348?
4
What is the hundreds digit of 23934?
9
What is the hundreds digit of 6237?
2
What is the tens digit of 3420?
2
What is the tens digit of 2284?
8
What is the tens digit of 3109?
0
What is the hundreds digit of 932?
9
What is the thousands digit of 62350?
2
What is the tens digit of 1752?
5
What is the units digit of 10826?
6
What is the units digit of 256?
6
What is the thousands digit of 1280?
1
What is the units digit of 25244?
4
What is the hundreds digit of 1232?
2
What is the units digit of 16189?
9
What is the units digit of 5136?
6
What is the units digit of 20237?
7
What is the hundreds digit of 2173?
1
What is the hundreds digit of 2088?
0
What is the units digit of 10124?
4
What is the units digit of 4719?
9
What is the thousands digit of 24759?
4
What is the hundreds digit of 8563?
5
What is the units digit of 2244?
4
What is the thousands digit of 73412?
3
What is the hundreds digit of 1712?
7
What is the units digit of 1161?
1
What is the hundreds digit of 6148?
1
What is the thousands digit of 1663?
1
What is the units digit of 4713?
3
What is the ten thousands digit of 57927?
5
What is the units digit of 3713?
3
What is the units digit of 743?
3
What is the units digit of 390?
0
What is the tens digit of 82982?
8
What is the tens digit of 53494?
9
What is the tens digit of 1052?
5
What is the hundreds digit of 8138?
1
What is the ten thousands digit of 67762?
6
What is the hundreds digit of 248?
2
What is the tens digit of 27?
2
What is the units digit of 73126?
6
What is the units digit of 13628?
8
What is the ten thousands digit of 18192?
1
What is the hundreds digit of 11163?
1
What is the hundreds digit of 923?
9
What is the tens digit of 17666?
6
What is the ten thousands digit of 44930?
4
What is the hundreds digit of 8153?
1
What is the ten thousands digit of 29696?
2
What is the tens digit of 33375?
7
What is the thousands digit of 2698?
2
What is the tens digit of 3657?
5
What is 